 6151?
6151
List the prime factors of 593.
593
What are the prime factors of 745?
5, 149
What are the prime factors of 53707?
43, 1249
List the prime factors of 28893.
3, 9631
List the prime factors of 1032.
2, 3, 43
List the prime factors of 4423.
4423
What are the prime factors of 2411?
2411
List the prime factors of 5812.
2, 1453
List the prime factors of 1345.
5, 269
List the prime factors of 505.
5, 101
List the prime factors of 1149.
3, 383
List the prime factors of 964.
2, 241
List the prime factors of 15436.
2, 17, 227
What are the prime factors of 3577?
7, 73
What are the prime factors of 1740?
2, 3, 5, 29
What are the prime factors of 2593?
2593
What are the prime factors of 931?
7, 19
List the prime factors of 30779.
7, 4397
List the prime factors of 156813.
3, 167, 313
List the prime factors of 138060.
2, 3, 5, 13, 59
List the prime factors of 21927.
3, 7309
List the prime factors of 646.
2, 17, 19
What are the prime factors of 2728?
2, 11, 31
List the prime factors of 45727.
11, 4157
List the prime factors of 437.
19, 23
What are the prime factors of 24103?
24103
List the prime factors of 7311.
3, 2437
List the prime factors of 2797.
2797
What are the prime factors of 112434?
2, 3, 7, 2677
What are the prime factors of 435?
3, 5, 29
What are the prime factors of 622?
2, 311
List the prime factors of 40211.
79, 509
What are the prime factors of 4395?
3, 5, 293
What are the prime factors of 2859?
3, 953
What are the prime factors of 1910?
2, 5, 191
What are the prime factors of 781?
11, 71
What are the prime factors of 4574?
2, 2287
List the prime factors of 164814.
2, 3, 13, 2113
What are the prime factors of 997?
997
What are the prime factors of 22431?
3, 7477
What are the prime factors of 85845?
3, 5, 59, 97
What are the prime factors of 1612?
2, 13, 31
List the prime factors of 4197.
3, 1399
List the prime factors of 5775.
3, 5, 7, 11
List the prime factors of 1940.
2, 5, 97
What are the prime factors of 4410?
2, 3, 5, 7
List the prime factors of 180464.
2, 11279
What are the prime factors of 53580?
2, 3, 5, 19, 47
List the prime factors of 38588.
2, 11, 877
List the prime factors of 343.
7
List the prime factors of 2062.
2, 1031
What are the prime factors of 19488?
2, 3, 7, 29
What are the prime factors of 36327?
3, 12109
List the prime factors of 1410.
2, 3, 5, 47
List the prime factors of 1027.
13, 79
List the prime factors of 9273.
3, 11, 281
What are the prime factors of 20448?
2, 3, 71
List the prime factors of 306.
2, 3, 17
List the prime factors of 1216.
2, 19
What are the prime factors of 281?
281
What are the prime factors of 1485?
3, 5, 11
What are the prime factors of 63846?
2, 3, 3547
List the prime factors of 6911.
6911
List the prime factors of 1049.
1049
What are the prime factors of 143?
11, 13
List the prime factors of 2118.
2, 3, 353
List the prime factors of 16842.
2, 3, 7, 401
What are the prime factors of 1143?
3, 127
What are the prime factors of 13199?
67, 197
What are the prime factors of 42002?
2, 21001
What are the prime factors of 376?
2, 47
What are the prime factors of 57704?
2, 7213
List the prime factors of 432.
2, 3
List the prime factors of 1145.
5, 229
List the prime factors of 10947.
3, 41, 89
List the prime factors of 30893.
30893
List the prime factors of 646.
2, 17, 19
What are the prime factors of 45398?
2, 22699
List the prime factors of 98695.
5, 19739
What are the prime factors of 19979?
19979
What are the prime factors of 5445?
3, 5, 11
List the prime factors of 884.
2, 13, 17
What are the prime factors of 496?
2, 31
What are the prime factors of 86501?
86501
List the prime factors of 29403.
3, 11
What are the prime factors of 2398?
2, 11, 109
What are the prime factors of 2222?
2, 11, 101
List the prime factors of 2826.
2, 3, 157
List the prime factors of 718.
2, 359
List the prime factors of 2107.
7, 43
List the prime factors of 72547.
72547
What are the prime factors of 27569?
19, 1451
List the prime factors of 9358.
2, 4679
What are the prime factors of 35151?
3, 11717
What are the prime factors of 4631?
11, 421
List the prime factors of 417.
3, 139
What are the prime factors of 56975?
5, 43, 53
List the prime factors of 15447.
3, 19, 271
What are the prime factors of 45041?
73, 617
List the prime factors of 1001.
7, 11, 13
List the prime factors of 7008.
2, 3, 73
List the prime factors of 14400.
2, 3, 5
What are the prime factors of 862?
2, 431
List the prime factors of 815.
5, 163
What are the prime factors of 7831?
41, 191
List the prime factors of 871.
13, 67
What are the prime factors of 1599?
3, 13, 41
What are the prime factors of 2674?
2, 7, 191
What are the prime factors of 37838?
2, 18919
List the prime factors of 34390.
2, 5, 19, 181
What are the prime factors of 1569?
3, 523
List the prime factors of 1397.
11, 127
What are the prime factors of 53045?
5, 103
What are the prime factors of 1286?
2, 643
What are the prime factors of 52?
2, 13
What are the prime factors of 7144?
2, 19, 47
What are the prime factors of 171?
3, 19
What are the prime factors of 8081?
8081
What are the prime factors of 1530?
2, 3, 5, 17
What are the prime factors of 75?
3, 5
What are the prime factors of 2743?
13, 211
List the prime factors of 3457.
3457
List the prime factors of 3856.
2, 241
What are the prime factors of 34125?
3, 5, 7, 13
List the prime factors of 60264.
2, 3, 31
List the prime factors of 1139.
17, 67
What are the prime factors of 68?
2, 17
What are the prime factors of 32416?
2, 1013
List the prime factors of 3490.
2, 5, 349
List the prime factors of 32141.
32141
List the prime factors of 21856.
2, 683
List the prime factors of 2541.
3, 7, 11
What are the prime factors of 10027?
37, 271
List the prime factors of 2484.
2, 3, 23
What are the prime factors of 30257?
79, 383
List the prime factors of 20882.
2, 53, 197
What are the prime factors of 122831?
113, 1087
List the prime factors of 29166.
2, 3, 4861
List the prime factors of 4039.
7, 577
What are the prime factors of 29516?
2, 47, 157
What are the prime factors of 57018?
2, 3, 13, 17, 43
List the prime factors of 7486.
2, 19, 197
What are the prime factors of 4082?
2, 13, 157
List the prime factors of 14962.
2, 7481
What are the prime factors of 4324?
2, 23, 47
List the prime factors of 21701.
21701
What are the prime factors of 33096?
2, 3, 7, 197
What are the prime factors of 46190?
2, 5, 31, 149
List the prime factors of 4777.
17, 281
What are the prime factors of 60144?
2, 3, 7, 179
List the prime factors of 1764.
2, 3, 7
What are the prime factors of 1364?
2, 11, 31
What are the prime factors of 54320?
2, 5, 7, 97
What are the prime factors of 56019?
3, 71, 263
List the prime factors of 2418.
2, 3, 13, 31
What are the prime factors of 46650?
2, 3, 5, 311
What are the prime factors of 3208?
2, 401
List the prime factors of 78472.
2, 17, 577
What are the prime factors of 71688?
2, 3, 29, 103
List the prime factors of 9391.
9391
List the prime factors of 7440.
2, 3, 5, 31
List the prime factors of 4470.
2, 3, 5, 149
List the prime factors of 1204.
2, 7, 43
What are the prime factors of 37109?
43, 863
List the prime factors of 81215.
5, 37, 439
What are the prime factors of 13040?
2, 5, 163
List the prime factors of 2583.
3, 7, 41
List the prime factors of 154.
2, 7, 11
List the prime factors of 5652.
2, 3, 157
List the prime factors of 7188.
2, 3, 599
What are the prime factors of 48777?
3, 71, 229
List the prime factors of 2528.
2, 79
What are the prime factors of 94?
2, 47
List the prime factors of 3204.
2, 3, 89
List the prime factors of 5025.
3, 5, 67
List the prime factors of 46918.
2, 23459
List the prime factors of 3199.
7, 457
List the prime factors of 26908.
2, 7, 31
List the prime factors of 131698.
2, 7, 23, 409
List the prime factors of 1500.
2, 3, 5
What are the prime factors of 71729?
7, 10247
List the prime factors of 38775.
3, 5, 11, 47
List the prime factors of 888.
2, 3, 37
What are the prime factors of 59231?
61, 971
What are the prime factors of 12945?
3, 5, 863
List the prime factors of 57.
3, 19
List the prime factors of 4472.
2, 13, 43
What are the prime factors of 29034?
2, 3, 1613
List the prime factors of 3187.
3187
List the prime factors of 2027.
2027
What are the prime factors of 32485